2 is divided by 252322.
18
What is the remainder when 24773055 is divided by 224?
223
Calculate the remainder when 96 is divided by 89.
7
What is the remainder when 1137161 is divided by 119?
116
Calculate the remainder when 3856 is divided by 777.
748
What is the remainder when 29049 is divided by 269?
266
What is the remainder when 3969 is divided by 1914?
141
What is the remainder when 2820 is divided by 214?
38
What is the remainder when 29828 is divided by 2485?
8
Calculate the remainder when 1743 is divided by 347.
8
What is the remainder when 85627 is divided by 19?
13
What is the remainder when 90000 is divided by 2368?
16
Calculate the remainder when 9744 is divided by 9673.
71
Calculate the remainder when 33506 is divided by 124.
26
Calculate the remainder when 98812 is divided by 3528.
28
Calculate the remainder when 644153 is divided by 147.
146
What is the remainder when 10027821 is divided by 566?
565
Calculate the remainder when 5852 is divided by 730.
12
What is the remainder when 2513 is divided by 874?
765
Calculate the remainder when 5734 is divided by 2843.
48
Calculate the remainder when 2765 is divided by 284.
209
What is the remainder when 173278 is divided by 114?
112
Calculate the remainder when 2221 is divided by 110.
21
What is the remainder when 2123 is divided by 151?
9
What is the remainder when 4819 is divided by 34?
25
Calculate the remainder when 4967 is divided by 548.
35
Calculate the remainder when 127985 is divided by 274.
27
Calculate the remainder when 23109 is divided by 3299.
16
Calculate the remainder when 37076 is divided by 12357.
5
Calculate the remainder when 118914 is divided by 2530.
4
What is the remainder when 1212410 is divided by 37?
31
What is the remainder when 9630 is divided by 381?
105
What is the remainder when 121222 is divided by 30299?
26
What is the remainder when 10612 is divided by 259?
252
What is the remainder when 1572 is divided by 1461?
111
What is the remainder when 8943 is divided by 22?
11
Calculate the remainder when 52309 is divided by 104.
101
Calculate the remainder when 948383 is divided by 712.
711
What is the remainder when 217337 is divided by 33?
32
Calculate the remainder when 1464 is divided by 288.
24
Calculate the remainder when 121607 is divided by 12.
11
Calculate the remainder when 10607 is divided by 39.
38
Calculate the remainder when 13247 is divided by 24.
23
Calculate the remainder when 59805 is divided by 230.
5
What is the remainder when 11468 is divided by 657?
299
What is the remainder when 26209 is divided by 1082?
241
Calculate the remainder when 4672 is divided by 18.
10
Calculate the remainder when 6230 is divided by 386.
54
What is the remainder when 6605 is divided by 66?
5
Calculate the remainder when 3584 is divided by 380.
164
Calculate the remainder when 2066 is divided by 1023.
20
Calculate the remainder when 4839 is divided by 4718.
121
Calculate the remainder when 35438 is divided by 179.
175
What is the remainder when 12568 is divided by 2507?
33
Calculate the remainder when 1630781 is divided by 543584.
29
Calculate the remainder when 1790 is divided by 880.
30
Calculate the remainder when 51556 is divided by 188.
44
Calculate the remainder when 3973 is divided by 110.
13
What is the remainder when 215872 is divided by 71956?
4
What is the remainder when 84994 is divided by 2297?
5
Calculate the remainder when 325263 is divided by 102.
87
Calculate the remainder when 38894 is divided by 9721.
10
Calculate the remainder when 1640549 is divided by 25.
24
Calculate the remainder when 7577 is divided by 49.
31
What is the remainder when 13705 is divided by 1350?
205
Calculate the remainder when 3222 is divided by 16.
6
What is the remainder when 1083 is divided by 23?
2
What is the remainder when 2862 is divided by 38?
12
Calculate the remainder when 1395342 is divided by 105.
102
Calculate the remainder when 14133 is divided by 673.
0
What is the remainder when 47276 is divided by 23629?
18
Calculate the remainder when 23448 is divided by 492.
324
What is the remainder when 1560 is divided by 1101?
459
What is the remainder when 131095 is divided by 950?
945
What is the remainder when 3864 is divided by 41?
10
What is the remainder when 316585 is divided by 135?
10
What is the remainder when 152627 is divided by 23?
22
Calculate the remainder when 47674 is divided by 44.
22
What is the remainder when 39484 is divided by 39390?
94
Calculate the remainder when 23942 is divided by 143.
61
What is the remainder when 2480 is divided by 7?
2
Calculate the remainder when 59708 is divided by 255.
38
What is the remainder when 4742 is divided by 743?
284
Calculate the remainder when 82993 is divided by 41488.
17
What is the remainder when 11407 is divided by 163?
160
Calculate the remainder when 104686 is divided by 9.
7
Calculate the remainder when 8830 is divided by 143.
107
Calculate the remainder when 10821 is divided by 1198.
39
What is the remainder when 9511 is divided by 264?
7
What is the remainder when 3159 is divided by 3145?
14
What is the remainder when 99685 is divided by 76?
49
Calculate the remainder when 335 is divided by 161.
13
Calculate the remainder when 207485 is divided by 69161.
2
What is the remainder when 236322 is divided by 33759?
9
Calculate the remainder when 592504 is divided by 18.
16
Calculate the remainder when 215453 is divided by 32.
29
Calculate the remainder when 112046 is divided by 47.
45
What is the remainder when 12533 is divided by 478?
105
Calculate the remainder when 28920 is divided by 407.
23
Calculate the remainder when 86049 is divided by 1687.
12
Calculate the remainder when 5576 is divided by 43.
29
Calculate the remainder when 6604 is divided by 3023.
558
What is the remainder when 4600 is divided by 360?
280
Calculate the remainder when 32632 is divided by 24.
16
What is the remainder when 2059 is divided by 45?
34
Calculate the remainder when 297170 is divided by 13.
3
Calculate the remainder when 11263 is divided by 150.
13
What is the remainder when 13401 is divided by 5620?
2161
What is the remainder when 25539 is divided by 273?
150
What is the remainder when 146604 is divided by 42?
24
What is the remainder when 15994 is divided by 172?
170
What is the remainder when 12826 is divided by 63?
37
What is the remainder when 1835 is divided by 181?
25
What is the remainder when 16806 is divided by 213?
192
What is the remainder when 1248 is divided by 66?
60
What is the remainder when 313968 is divided by 799?
760
Calculate the remainder when 2036 is divided by 66.
56
What is the remainder when 13805 is divided by 321?
2
What is the remainder when 49921 is divided by 1350?
1321
What is the remainder when 9213 is divided by 9202?
11
Calculate the remainder when 53354 is divided by 53352.
2
What is the remainder when 177863 is divided by 11856?
23
What is the remainder when 213772 is divided by 1370?
52
What is the remainder when 2631 is divided by 1055?
521
Calculate the remainder when 297780 is divided by 94.
82
What is the remainder when 1323544 is divided by 661763?
18
What is the remainder when 9332 is divided by 36?
8
What is the remainder when 19350 is divided by 4837?
2
What is the remainder when 23099 is divided by 5774?
3
Calculate the remainder when 96764 is divided by 96724.
40
What is the remainder when 12016 is divided by 1499?
24
Calculate the remainder when 7896 is divided by 2578.
162
Calculate the remainder when 12347 is divided by 33.
5
Calculate the remainder when 1345 is divided by 175.
120
Calculate the remainder when 4271649 is divided by 44.
41
Calculate the remainder when 1051895 is divided by 8.
7
What is the remainder when 18450 is divided by 152?
58
What is the remainder when 10622 is divided by 10603?
19
What is the remainder when 35024 is divided by 45?
14
Calculate the remainder when 15299 is divided by 107.
105
Calculate the remainder when 6126 is divided by 10.
6
Calculate the remainder when 77199 is divided by 29.
1
Calculate the remainder when 65396 is divided by 7.
2
Calculate the remainder when 20573 is divided by 664.
653
Calculate the remainder when 73214 is divided by 52.
50
What is the remainder when 1541 is divided by 290?
91
What is the remainder 